 when 405871 is divided by 3122?
11
Calculate the remainder when 39173 is divided by 97.
82
What is the remainder when 196 is divided by 19?
6
What is the remainder when 2296768 is divided by 10?
8
What is the remainder when 36173 is divided by 18075?
23
What is the remainder when 1381 is divided by 18?
13
What is the remainder when 6662 is divided by 333?
2
What is the remainder when 631 is divided by 313?
5
What is the remainder when 5767 is divided by 5737?
30
What is the remainder when 1148727 is divided by 143?
8
What is the remainder when 178 is divided by 59?
1
Calculate the remainder when 52104 is divided by 46.
32
Calculate the remainder when 8731 is divided by 672.
667
Calculate the remainder when 12447 is divided by 322.
211
Calculate the remainder when 13614 is divided by 1285.
764
What is the remainder when 2434 is divided by 86?
26
Calculate the remainder when 3646 is divided by 42.
34
Calculate the remainder when 66184 is divided by 11030.
4
Calculate the remainder when 80835 is divided by 860.
855
Calculate the remainder when 4342 is divided by 2157.
28
What is the remainder when 932 is divided by 116?
4
What is the remainder when 1120 is divided by 181?
34
What is the remainder when 3206 is divided by 1581?
44
Calculate the remainder when 3499 is divided by 5.
4
What is the remainder when 68401 is divided by 60?
1
Calculate the remainder when 5250 is divided by 94.
80
Calculate the remainder when 17852 is divided by 470.
462
What is the remainder when 330237 is divided by 35?
12
What is the remainder when 11512 is divided by 288?
280
Calculate the remainder when 459376 is divided by 94.
92
Calculate the remainder when 3847 is divided by 1662.
523
What is the remainder when 210514 is divided by 380?
374
Calculate the remainder when 3144783 is divided by 262.
259
Calculate the remainder when 1351 is divided by 677.
674
What is the remainder when 2459 is divided by 56?
51
Calculate the remainder when 364 is divided by 147.
70
What is the remainder when 18547 is divided by 355?
87
Calculate the remainder when 40031 is divided by 27.
17
What is the remainder when 121 is divided by 66?
55
What is the remainder when 3578 is divided by 143?
3
Calculate the remainder when 29656 is divided by 560.
536
Calculate the remainder when 11263 is divided by 88.
87
What is the remainder when 7388 is divided by 277?
186
What is the remainder when 2092 is divided by 377?
207
Calculate the remainder when 23306 is divided by 111.
107
Calculate the remainder when 3986 is divided by 954.
170
What is the remainder when 7799 is divided by 289?
285
Calculate the remainder when 405282 is divided by 302.
300
What is the remainder when 1833 is divided by 51?
48
What is the remainder when 42513 is divided by 6066?
51
Calculate the remainder when 238626 is divided by 79542.
0
What is the remainder when 3000661 is divided by 98?
97
Calculate the remainder when 17264 is divided by 45.
29
What is the remainder when 3331 is divided by 1012?
295
Calculate the remainder when 274665 is divided by 91555.
0
Calculate the remainder when 1133 is divided by 391.
351
Calculate the remainder when 16117 is divided by 15799.
318
Calculate the remainder when 110596 is divided by 21.
10
What is the remainder when 58447 is divided by 10?
7
What is the remainder when 5728 is divided by 169?
151
What is the remainder when 858263 is divided by 423?
419
Calculate the remainder when 578939 is divided by 561.
548
Calculate the remainder when 8339796 is divided by 140.
136
What is the remainder when 920292 is divided by 230073?
0
What is the remainder when 1971 is divided by 55?
46
Calculate the remainder when 2960 is divided by 137.
83
What is the remainder when 6287 is divided by 81?
50
What is the remainder when 526 is divided by 58?
4
Calculate the remainder when 176 is divided by 1.
0
Calculate the remainder when 4704 is divided by 782.
12
What is the remainder when 3405 is divided by 942?
579
Calculate the remainder when 5863 is divided by 836.
11
What is the remainder when 10333 is divided by 34?
31
Calculate the remainder when 8897 is divided by 465.
62
Calculate the remainder when 1332657 is divided by 328.
321
Calculate the remainder when 337639 is divided by 94.
85
What is the remainder when 53725 is divided by 23?
20
Calculate the remainder when 548488 is divided by 109695.
13
Calculate the remainder when 29297 is divided by 14630.
37
Calculate the remainder when 36213 is divided by 161.
149
What is the remainder when 81 is divided by 54?
27
What is the remainder when 17518 is divided by 5584?
766
What is the remainder when 3332 is divided by 411?
44
What is the remainder when 9594 is divided by 645?
564
What is the remainder when 2427 is divided by 282?
171
What is the remainder when 260 is divided by 51?
5
What is the remainder when 31674 is divided by 91?
6
Calculate the remainder when 3779 is divided by 1789.
201
Calculate the remainder when 6380 is divided by 277.
9
Calculate the remainder when 2012 is divided by 55.
32
Calculate the remainder when 42973 is divided by 9.
7
What is the remainder when 2426 is divided by 149?
42
Calculate the remainder when 896 is divided by 186.
152
What is the remainder when 120282 is divided by 196?
134
What is the remainder when 12440 is divided by 70?
50
Calculate the remainder when 7529 is divided by 451.
313
What is the remainder when 221962 is divided by 5?
2
Calculate the remainder when 11459 is divided by 27.
11
What is the remainder when 55085 is divided by 1280?
45
Calculate the remainder when 111335 is divided by 460.
15
Calculate the remainder when 7679954 is divided by 143.
139
Calculate the remainder when 42340 is divided by 323.
27
Calculate the remainder when 196457 is divided by 190.
187
What is the remainder when 396498 is divided by 325?
323
Calculate the remainder when 1596 is divided by 318.
6
Calculate the remainder when 55696 is divided by 178.
160
Calculate the remainder when 460050 is divided by 27.
24
What is the remainder when 571 is divided by 166?
73
Calculate the remainder when 2000 is divided by 91.
89
Calculate the remainder when 5407 is divided by 1048.
167
Calculate the remainder when 3585 is divided by 305.
230
Calculate the remainder when 2996 is divided by 446.
320
What is the remainder when 3567 is divided by 34?
31
What is the remainder when 947881 is divided by 194?
191
Calculate the remainder when 5995200 is divided by 69.
66
Calculate the remainder when 48602 is divided by 633.
494
What is the remainder when 6392 is divided by 640?
632
What is the remainder when 366739 is divided by 403?
9
Calculate the remainder when 11245 is divided by 225.
220
Calculate the remainder when 8124 is divided by 5651.
2473
What is the remainder when 40803 is divided by 73?
69
Calculate the remainder when 32647 is divided by 1020.
7
What is the remainder when 1149 is divided by 132?
93
What is the remainder when 203856 is divided by 190?
176
Calculate the remainder when 2393 is divided by 153.
98
What is the remainder when 642059 is divided by 469?
467
What is the remainder when 863 is divided by 71?
11
Calculate the remainder when 472542 is divided by 727.
719
Calculate the remainder when 7599 is divided by 360.
39
What is the remainder when 9131 is divided by 33?
23
Calculate the remainder when 1671471 is divided by 45.
36
Calculate the remainder when 839 is divided by 373.
93
What is the remainder when 19465 is divided by 187?
17
What is the remainder when 12768 is divided by 18?
6
Calculate the remainder when 7515 is divided by 2490.
45
Calculate the remainder when 6680 is divided by 2093.
401
What is the remainder when 151201 is divided by 166?
141
Calculate the remainder when 14831 is divided by 705.
26
Calculate the remainder when 14854 is divided by 12.
10
Calculate the remainder when 176393 is divided by 93.
65
Calculate the remainder when 68434 is divided by 11397.
52
Calculate the remainder when 2508231 is divided by 101.
98
Calculate the remainder when 5210989 is divided by 16.
13
Calculate the remainder when 9110 is divided by 1004.
74
What is the remainder when 4133 is divided by 34?
19
What is the remainder when 15121 is divided by 5035?
16
What is the remainder when 14669 is divided by 265?
94